{"version":"1.0","type":"rich","width":"560px","height":"140px","title":"#15 - M\u00e4rz 1993 - Der Fr\u00fchling naht und wir haben eine kleinere Ver\u00e4nderung. Matthias wird uns jetzt in diesem Projekt unterst\u00fctzen und mit uns auf den M\u00e4rz 1993 zur\u00fcckblicken.","url":"https:\/\/www.megaverpeilt.de\/15-marz-1993\/","author_name":"Mega Verpeilt! - Eine Reise in die (Medien)Welt vor 2000 Jahren","author_url":"https:\/\/www.megaverpeilt.de","thumbnail_url":"http:\/\/www.megaverpeilt.de\/wp-content\/uploads\/2020\/01\/unnamed.jpg","html":"<iframe width=\"560px\" height=\"140px\" src=\"https:\/\/www.megaverpeilt.de\/15-marz-1993\/?standalonePlayer\"><\/iframe>"}

#15 - März 1993 - Der Frühling naht und wir haben eine kleinere Veränderung. Matthias wird uns jetzt in diesem Projekt unterstützen und mit uns auf den März 1993 zurückblicken.
